 -44 - 35, 2*h = -2*f + 52. What is the remainder when 51 is divided by f?
24
Let p(w) = w**2 - 9*w - 18. Let g be p(11). Suppose 0 = -4*k - g, -4*k = 4*i - 138 - 142. What is the remainder when i is divided by 12?
11
Suppose -2*m = -2*g + 154, 6*g - g = -5*m - 365. Let l = -56 - m. What is the remainder when 53 is divided by l?
15
Let j(x) = -x**2 + 20*x + 5. Let q be j(20). Suppose 4*m = -3*d + 157, 5*m + 46 = -4*d + q*d. What is the remainder when 201 is divided by d?
48
Suppose 2*s - 2*w - 56 = 0, -14*w - 68 = -4*s - 21*w. What is the remainder when 95 is divided by s?
23
Let k(j) = 5*j + 5. Let v be k(2). What is the remainder when 83 is divided by v + ((-7)/((-21)/6) - 5)?
11
Suppose -14*z + 9*z + 420 = -5*s, -3*z - 3*s = -240. What is the remainder when 243 is divided by z?
79
Let q = -68 - -116. Suppose 0 = -4*n + 5*p + 83, 108 = 5*n + p + 26. Calculate the remainder when q is divided by n.
14
Let r be 111/(3/2 - 3). Let o = 108 + r. Suppose -38*s = -36*s - o. What is the remainder when s is divided by 6?
5
Let r(y) = y + 7. Suppose -v = 3, -4*m - v + 37 = -4*v. Suppose 3*x - u - 2*u = -3, -u + m = x. What is the remainder when r(-4) is divided by x?
0
Let c = -16 - -24. Suppose -7*b - c = -50. Suppose q - 7 = 2. Calculate the remainder when q is divided by b.
3
Let w = -455 - -956. Calculate the remainder when w is divided by 28.
25
Let b(r) = -10*r + 15. Let k(m) = -11*m + 13. Let h(o) = 5*b(o) - 4*k(o). Calculate the remainder when h(-5) is divided by 16.
5
Let u(y) = 5*y + 3. Let g be (-4)/(-14) + 208/7. Suppose g = 3*v + 3*t, -3*v + 30 = -t - 2*t. Calculate the remainder when u(5) is divided by v.
8
Suppose 3*v + 74 - 296 = 0. Let p(r) be the third derivative of 3*r**5/10 + r**4/12 - r**3/6 - 6*r**2. Calculate the remainder when v is divided by p(1).
17
Suppose 2*p = 6*p - 96. Suppose 3*i = -0 + p. Let d = i - -12. Calculate the remainder when d is divided by 11.
9
Let v(m) = -m + 71. Let u = 748 - 733. What is the remainder when v(0) is divided by u?
11
Let y be (-145)/2*16/20. Let n = y - -191. What is the remainder when n is divided by 34?
31
Let z = -32 - -65. Let w(k) = k**2 - 5*k + 5. Let a be w(5). Calculate the remainder when z is divided by a + (1 - (2 + -3)).
5
Let h = 679 - 651. What is the remainder when 45 is divided by h?
17
Let x = -5 + 21. What is the remainder when 303 is divided by x?
15
Let c = 31 + -28. What is the remainder when (3/9)/(c/225) is divided by 10?
5
Suppose 6*i = 2*i + 220. Let g = 9 + 426. What is the remainder when i is divided by ((-4)/20)/((-3)/g)?
26
Let t(f) = -6 - 7*f + f - 1 + f. Let o be t(-6). Let d = o + -21. Calculate the remainder when d is divided by 2.
0
Let r be (-1)/(-1)*87*1. Let u be (-26)/(4*13/78). Let c = u + r. What is the remainder when c is divided by 7?
6
Suppose -334 = -2*y - 4*r, -546 = -3*y + 5*r - 89. What is the remainder when y is divided by 27?
24
Let k(o) = 2*o**2 + 18*o - 32. What is the remainder when 137 is divided by k(-13)?
65
Suppose -3*l = -8*l + 225. Suppose m - 2*a - 8 - l = 0, 3*a - 150 = -3*m. Calculate the remainder when m is divided by 30.
21
Suppose 25 = n - 3*z + 13, 0 = -5*n - 3*z + 150. What is the remainder when 85 is divided by n?
4
Suppose -4 = -10*l + 6*l. What is the remainder when 93 is divided by (3 + (-4)/l)*24/(-1)?
21
Let h = 1416 - 1370. Calculate the remainder when h is divided by 32.
14
Suppose 0 = -g + 5*c + 6, -8*c + 12*c = 0. Let b = 24 - -4. Suppose 3*h - b = -u, 3*h + 5*u = 5*h - 13. Calculate the remainder when h is divided by g.
3
Suppose 0 = -12*d + 4*d + 480. Calculate the remainder when 237 is divided by d.
57
Suppose 0 = -s + 2*o - o + 37, 2*o + 39 = s. Calculate the remainder when s is divided by 36*8*(-4)/(-96).
11
Suppose 58*h = 2*h + 448. Let w(r) = -2*r + 3. What is the remainder when w(-10) is divided by h?
7
Let s = 8 + -13. Calculate the remainder when -1 - 3 - (-45 - s) is divided by 10.
6
Let s be (1 + -2)*(-8)/2. Let m(c) = c**2 - 6*c + 2 - s*c + 0*c. Calculate the remainder when 6 is divided by m(10).
0
Suppose 3*p = n - 0*n - 97, -2 = p. Let a = n + -83. What is the remainder when a is divided by 6?
2
Let j(o) = -7*o - 2. What is the remainder when j(-2) is divided by 28/(-24)*(-12 + 6)?
5
Let f(a) = -2*a + 7. Let y be f(6). Let m(t) = t**2 + 2*t + 6. Calculate the remainder when m(y) is divided by 8.
5
Let d = 294 + -158. Suppose -4*n + 78 = 2*k, -4*n = k + 3*k - d. What is the remainder when k is divided by 4*-3*6/(-9)?
5
Let a = 11 - 2. Suppose -16*g + 7*g = -117. What is the remainder when g is divided by a?
4
Let s = 10 + 1. Suppose s*r - 244 = -13. What is the remainder when r is divided by 6?
3
Suppose 0 = -3*j - 5*l + 118, -5*l - 16 = -2*j + 46. What is the remainder when j is divided by 22?
14
Suppose -121 = 1138*t - 1149*t. What is the remainder when 80 is divided by t?
3
Let l = -1791 - -1810. What is the remainder when 40 is divided by l?
2
Let n(b) = -26*b + 685. Let y be 164/(-14) + 2/(-7). Let q = 5 - y. What is the remainder when q is divided by n(26)?
8
Let z be -4 + ((-56)/(-2) - (2 + -4)). Suppose -g - 2 + z = 0. Calculate the remainder when 42 is divided by g.
18
Suppose -5*i + 654 = 5*z + 639, -5*i + 5*z = -5. Let n(p) be the second derivative of -p**3/3 - 3*p**2/2 - p. What is the remainder when i is divided by n(-2)?
0
Let t = 35 + -26. Suppose -6*w + t*w - 30 = 0. Calculate the remainder when 24 is divided by w.
4
Suppose 0 = 10*i - 3*i - 14. Suppose -5 = -v + f, 4*v - 5*f = i*v + 4. Calculate the remainder when 11 is divided by v.
4
Let y(k) be the third derivative of -k**4/12 + 5*k**3/6 + 9*k**2 - 5. Suppose 0 = -s - 3*s - 16. What is the remainder when 37 is divided by y(s)?
11
Suppose -4*l - 5*n = -2*l + 21, -3*l + 2*n - 22 = 0. Suppose 86 = 5*w - 144. What is the remainder when w is divided by 2/l - 98/(-8)?
10
Let y = 297 + -78. What is the remainder when y is divided by 6?
3
Let n(x) = 2*x + 4. Let l be n(-5). Let j(w) = w**3 + 6*w**2 - 4*w - 12. What is the remainder when j(l) is divided by 9?
3
Let c(k) = 2*k**2 + 40*k + 6. What is the remainder when 106 is divided by c(-20)?
4
Let j(b) = 2*b**3 + 17*b**2 - 11*b. Let v(n) = -14*n - 3. Let s be 6/4*16/(-6). What is the remainder when v(s) is divided by j(-9)?
17
Suppose -2*p - 6 = 0, 3*w - 11*p = -9*p + 282. What is the remainder when w is divided by 25?
17
Let f(c) = c**3 - c**2 + 12. Let b(q) = q**3 + 11*q**2 + q + 11. Let h = -16 + 5. Let s be b(h). Calculate the remainder when 45 is divided by f(s).
9
Let w(x) = 3*x**2 + x + 2. Let q = 1 + 1. Let a(c) = 39*c - 2. What is the remainder when a(q) is divided by w(-3)?
24
Suppose -3*s = -l - 128, -2*s + 6*s + 5*l - 177 = 0. Calculate the remainder when s is divided by 1.
0
Suppose 2*v = 4 - 20. What is the remainder when (-6 + (-18)/v)/(2/(-8)) is divided by 7?
1
Let w = -72 + 133. Suppose 3*b - 104 = w. Let y(l) = 10*l - 1. Calculate the remainder when b is divided by y(2).
17
Let m = 327 - 221. What is the remainder when 527 is divided by m?
103
Suppose -4 + 0 = -b. Suppose 0 = 3*o - b*a + 3*a - 11, a = -5. Suppose s = m - 45, -o*s - s = -4*m + 180. What is the remainder when m is divided by 12?
9
Suppose 33*o + 5*k + 39 = 34*o, -175 = -4*o + k. Calculate the remainder when o is divided by 15.
14
Let x(i) be the second derivative of 17*i**5/20 - i**2/2 - 8*i. Calculate the remainder when 109 is divided by x(1).
13
What is the remainder when 34/2*(10 + -3 + 2) is divided by 7?
6
Suppose -2*h = -3*f + 1, 0 = -5*h + 5*f - 6 - 9. Let y = 25 + -9. What is the remainder when y is divided by 18/h*(-3 - 1)?
7
Let a(j) = -j**3 + 33*j**2 + 37*j - 70. What is the remainder when 315 is divided by a(34)?
27
Suppose -146 = -7*d - 27. Calculate the remainder when d is divided by 10.
7
Suppose 298 = -235*p + 240*p - n, -4*p - 4*n = -224. What is the remainder when 525 is divided by p?
53
Suppose -j + 4 = -9. Suppose -5*p + 16 = k + k, 3*k = -2*p + j. Suppose 5*u + k*w = -0*u + 79, 22 = 2*u - 2*w. Calculate the remainder when 40 is divided by u.
12
Suppose n + 2*r + 5 - 22 = 0, -5*r = -5*n + 55. Calculate the remainder when 61 is divided by n.
9
Let f be ((-4)/6)/((-16)/216). Suppose 1 + 14 = -5*m, -5*m - f = 3*o. Suppose o*h = 19 + 3. What is the remainder when 32 is divided by h?
10
Supp